mmon divisor of 7 and m?
7
Let j(r) = -r + 11. Let i be j(5). Let k be (-4)/i*(-3 - 0). Let b = -1 + 2. What is the greatest common factor of k and b?
1
Suppose -p + 49 = 46. Suppose 4*w + 285 = -3*s + 899, -p*w = -4*s - 473. What is the greatest common factor of w and 31?
31
Let j(c) = -2*c + 1. Let l be j(-7). Let h = -444 + 729. Calculate the highest common factor of l and h.
15
Suppose c - 12 + 0 = 0. Let y be 2/c + (-6540)/(-72). What is the greatest common divisor of y and 13?
13
Suppose 2*d = -u + 4*d - 2, 0 = 5*u + 5*d - 65. Suppose -64 = 8*l - 80. What is the greatest common divisor of l and u?
2
Let y be 171 + 8 + (-2 - 1). Calculate the greatest common factor of y and 132.
44
Let p = 1854 + -1822. Calculate the highest common divisor of 76 and p.
4
Let w be (-6243)/(-33) + 1*8/(-44). Let x = 50 + -29. What is the greatest common divisor of w and x?
21
Let z(l) = -8*l**3 - 45*l**2 + 9*l - 26. Let q be z(-8). Calculate the highest common divisor of q and 258.
86
Let f be (1/2)/((-2)/(-16)). Suppose 4*a + 32 - f = 0. Let d = a + 14. Calculate the highest common divisor of 7 and d.
7
Let o be (2/6)/(13/(-39))*-2. Let z = 18 - 16. What is the greatest common divisor of o and z?
2
Suppose 4 = -3*l + 19. Let y(f) = f**2 - 7*f + 2. Let r be y(l). Let g = 40 - r. Calculate the highest common divisor of 6 and g.
6
Let t(s) = 32*s + 410. Let r be t(-11). What is the highest common divisor of r and 6?
2
Suppose -144 = -2*z + 4*c, -3*z + 183 = -25*c + 30*c. What is the highest common divisor of 165 and z?
33
Let l be ((-15)/(-12))/((-5)/(-40)). Suppose 138 = s + l. Let g be 3*((-22)/(-3) + -2). What is the highest common divisor of s and g?
16
Let o = 2454 + -2179. What is the highest common divisor of o and 50?
25
Suppose -x = -146 - 75. What is the greatest common factor of x and 17?
17
Suppose -27*c + 216 = -9*c. What is the greatest common factor of 204 and c?
12
Let v = -1 - -508. What is the highest common divisor of v and 195?
39
Let f be 6/(-9) - (-1820)/12. Suppose 5*q = 4*w + f, -w = q + 2*w - 15. Calculate the highest common factor of 36 and q.
9
Let x(b) = -19*b - 71. Let f = 9 - 14. Let h be x(f). Calculate the greatest common factor of h and 168.
24
Let d be 19/(76/(-32)) + 25. Let l(v) = 21*v + 1. Let m be l(4). What is the greatest common factor of d and m?
17
Let q be 2/12 + ((-1117428)/72)/(-19). What is the highest common factor of 38 and q?
19
Let r(t) = t**3 + 9*t**2 + 12*t + 33. Let i be r(-8). Calculate the greatest common divisor of 1 and i.
1
Suppose 604 = 5*m + 219. What is the greatest common factor of 77 and m?
77
Let l be 21 + -2 + -3 + -4. Calculate the greatest common factor of l and 20.
4
Let h(z) = -z**2 + 2*z - 1. Let j be h(2). Let t be (-149)/(-3) - j/3. What is the highest common divisor of 75 and t?
25
Suppose -l - 4*i = 3*l + 724, -2*i = 4. Let n = 355 + l. Suppose 3*w - 192 = -4*u, 6*u = 2*u + w + n. What is the greatest common factor of u and 9?
9
Let c be 298 - 31/((-62)/(-24)). Calculate the greatest common factor of c and 65.
13
Let i be ((-26)/5)/(7 + 1614/(-230)). What is the highest common divisor of i and 39?
13
Suppose 0 = 2*u - z - 204, -4*u + 78 = -4*z - 322. Suppose -b + 2 = -2*b - 5*i, -4*i = 5*b - 53. What is the greatest common divisor of b and u?
13
Suppose 8*c = 65 - 49. Calculate the highest common factor of 82 and c.
2
Let f = 8 + -6. Suppose -4*u = u - 50. Let w be (-66)/(-10) + -4 - (-4)/u. Calculate the highest common factor of f and w.
1
Let q(z) = -z**2 - 5*z - 4. Let x be q(-3). Let u be ((-9)/27)/(x/(-24)). Suppose u*v = 421 - 157. Calculate the highest common divisor of v and 6.
6
Let a be 327/21 + 20/(-35). Suppose -5*d + 5 = -75. Let c = d - a. Calculate the greatest common factor of 9 and c.
1
Suppose -5*d - 3*c + 5203 = 0, -3*d - 3*c + 2083 = -d. What is the highest common divisor of d and 80?
80
Let y be (-582)/(-96) - (-2)/(-32) - -282. Let m(z) = -z**3 + 5*z**2 + 7*z - 3. Let s be m(5). Calculate the greatest common divisor of y and s.
32
Suppose -12 = -597*p + 591*p. Calculate the greatest common divisor of p and 23.
1
Let x(w) = 17*w**2 - 16*w**2 + w - 1 - 1. Let i be x(-4). Let h(j) = -2*j - 7. Let t be h(-16). Calculate the greatest common factor of i and t.
5
Let c be 30/48*4*9*4. Suppose -6*w + w = -c. What is the highest common divisor of w and 18?
18
Let q(l) = 2*l**2 - 9*l + 2. Let o be q(-4). Calculate the highest common divisor of o and 42.
14
Suppose 0*f + 68 = 4*f. Let t = 1198 - 1181. Calculate the highest common divisor of f and t.
17
Let r(q) = 31*q + 221. Let i be r(-6). Suppose -5*z + 113 = p - 3*z, 5*z + 190 = 2*p. What is the greatest common divisor of i and p?
35
Let g be 0/(3 - (-2)/(-1)). Suppose 4*u - 160 - 48 = g. Let r = -8 + u. What is the highest common factor of 4 and r?
4
Let t(g) = -2*g**3 + g**2 + g + 46. Let h be t(0). Calculate the greatest common divisor of h and 46.
46
Let p be (-345)/6*(-4)/5. Let f = 7612 - 7543. Calculate the highest common divisor of p and f.
23
Suppose 2*c - 16 = -2*n, 6*n = 2*c + 2*n + 2. What is the highest common divisor of 2 and c?
1
Let w(a) = -a**2 + 3*a - 9. Let q be -4 + 3 - (-1 - 6). Let s be w(q). Let v = s - -51. What is the highest common divisor of v and 16?
8
Let x = 5 - 4. Let b = -102 - -107. Calculate the greatest common factor of x and b.
1
Suppose 0 = 81*k - 21*k - 60. Let b = 10 + -6. Suppose 1 = b*j + r + 2*r, -3*r = 3. Calculate the greatest common divisor of k and j.
1
Let j be (-6)/(-7)*(-7)/(-1). Calculate the greatest common divisor of j and 42.
6
Suppose -9*t + 76 = -7*t. Let l(i) = i**3 - 27*i**2 - 26*i - 37. Let o be l(28). What is the greatest common factor of o and t?
19
Let l be 55/7 - (-13)/91. Calculate the greatest common divisor of l and 72.
8
Let w(d) be the first derivative of -d**2/2 + 6*d - 21. Let k be w(-9). Calculate the greatest common factor of 5 and k.
5
Let x = 40 + -16. Let s = x - 12. Let p = 24 - s. Calculate the greatest common divisor of 108 and p.
12
Let w(t) = t**3 + 8*t**2 - 19*t + 6. Let u be w(-9). Calculate the highest common factor of u and 240.
48
Suppose 22*u + 2*r = 27*u - 91, -4*r + 46 = 2*u. Suppose a = -4*g + 144, -3*g - 2 - 4 = 0. Calculate the highest common factor of u and a.
19
Let a = -18 - -21. Suppose -a*h - h = -24. What is the greatest common factor of h and 9?
3
Let m(u) = u**2 - 10*u - 135. Let n be m(25). Calculate the highest common divisor of 144 and n.
48
Suppose -5*x - 9 = 3*r - 4*r, r + 2*x = 16. Suppose 0 = -4*t - 4*l + 428, -3*t + t + 4*l = -244. Calculate the highest common factor of r and t.
14
Suppose 0*s = 2*s + 12. Let c be (-131)/(-6) + s/(-36). Let w be 3/9 - 725/(-3). What is the highest common factor of c and w?
22
Let k be 49/7*5952/56. Calculate the greatest common factor of k and 62.
62
Suppose 6*a - 216 = 3*a. Suppose w - a = -w. Let v be (-1896)/(-21) + 14/(-49). Calculate the highest common factor of w and v.
18
Suppose 3*p + p - 7 = 3*v, 2*p - 3*v = -1. Suppose 2*f + 0*f - 34 = -p*h, -5*f - 3*h = -71. Let o be 2/1*f/2. What is the highest common divisor of 26 and o?
13
Let g(z) = -47*z + 5. Let k be g(-5). Suppose -208749*a = -208725*a - 240. What is the greatest common factor of k and a?
10
Let h be 1 - (-15)/2*2. Let o = -24 - -83. Let v = 53 + o. What is the highest common factor of v and h?
16
Suppose 39*c - 198 = 17*c. Calculate the highest common factor of c and 3.
3
Let w(p) = p**3 - 26*p**2 + 35. Let f be w(26). What is the greatest common divisor of f and 245?
35
Let n = 126 - 71. Suppose 2*k - 15 = -c + 3*k, -5*k - n = -3*c. Calculate the greatest common divisor of 50 and c.
10
Suppose -q - 66 = -3*b, -3*q - b + 2*b = 174. Let k be 3/(-4 + 1) - q. Calculate the highest common divisor of 140 and k.
28
Let p be ((-489056)/240)/(-17) - (-2)/15. Suppose -3*k - k = -192. Suppose 3*v = 2*v + k. Calculate the greatest common divisor of v and p.
24
Let y = -2378 - -2432. What is the greatest common divisor of y and 24?
6
Let k(u) = 5*u**2 - 4*u - 7. Let q be -3 + 0 + 3 - -7. Let s be k(q). Let v = s - 84. Calculate the highest common divisor of 14 and v.
14
Let z(d) = d**2 - d - 3. Let o be z(-2). Suppose 0 = 2*h - o*h + 80. Suppose -r - h = -3*r. What is the greatest common divisor of 60 and r?
20
Let l = -175